{"id":1488,"date":"2024-11-07T12:23:05","date_gmt":"2024-11-07T12:23:05","guid":{"rendered":"https:\/\/upsenior.eu\/?page_id=1488"},"modified":"2024-11-07T12:23:44","modified_gmt":"2024-11-07T12:23:44","slug":"piloting-dei-materiali-formativi-upsenior-migliorare-lalfabetizzazione-finanziaria-degli-anziani-in-europa","status":"publish","type":"page","link":"https:\/\/upsenior.eu\/?page_id=1488&lang=it","title":{"rendered":"Piloting dei Materiali Formativi UpSenior: Migliorare l&#8217;Alfabetizzazione Finanziaria degli Anziani in Europa"},"content":{"rendered":"\t\t<div data-elementor-type=\"wp-page\" data-elementor-id=\"1488\" class=\"elementor elementor-1488\" data-elementor-settings=\"{&quot;ha_cmc_init_switcher&quot;:&quot;no&quot;}\">\n\t\t\t\t<div class=\"elementor-element elementor-element-6981af0 e-flex e-con-boxed e-con e-parent\" data-id=\"6981af0\" data-element_type=\"container\" data-settings=\"{&quot;background_background&quot;:&quot;classic&quot;,&quot;_ha_eqh_enable&quot;:false}\">\n\t\t\t\t\t<div class=\"e-con-inner\">\n\t\t\t\t<div class=\"elementor-element elementor-element-39f1db6 elementor-widget elementor-widget-spacer\" data-id=\"39f1db6\" data-element_type=\"widget\" data-widget_type=\"spacer.default\">\n\t\t\t\t<div class=\"elementor-widget-container\">\n\t\t\t\t\t\t\t<div class=\"elementor-spacer\">\n\t\t\t<div class=\"elementor-spacer-inner\"><\/div>\n\t\t<\/div>\n\t\t\t\t\t\t<\/div>\n\t\t\t\t<\/div>\n\t\t\t\t<div class=\"elementor-element elementor-element-aa8919f animated-slow elementor-invisible elementor-widget elementor-widget-heading\" data-id=\"aa8919f\" data-element_type=\"widget\" data-settings=\"{&quot;_animation&quot;:&quot;fadeInUp&quot;}\" data-widget_type=\"heading.default\">\n\t\t\t\t<div class=\"elementor-widget-container\">\n\t\t\t\t\t<h2 class=\"elementor-heading-title elementor-size-default\">Piloting dei Materiali Formativi UpSenior: Migliorare l'Alfabetizzazione Finanziaria degli Anziani in Europa<\/h2>\t\t\t\t<\/div>\n\t\t\t\t<\/div>\n\t\t\t\t<div class=\"elementor-element elementor-element-325c3d4 elementor-widget-divider--view-line elementor-widget elementor-widget-divider\" data-id=\"325c3d4\" data-element_type=\"widget\" data-widget_type=\"divider.default\">\n\t\t\t\t<div class=\"elementor-widget-container\">\n\t\t\t\t\t\t\t<div class=\"elementor-divider\">\n\t\t\t<span class=\"elementor-divider-separator\">\n\t\t\t\t\t\t<\/span>\n\t\t<\/div>\n\t\t\t\t\t\t<\/div>\n\t\t\t\t<\/div>\n\t\t\t\t<div class=\"elementor-element elementor-element-e277a8f elementor-widget elementor-widget-spacer\" data-id=\"e277a8f\" data-element_type=\"widget\" data-widget_type=\"spacer.default\">\n\t\t\t\t<div class=\"elementor-widget-container\">\n\t\t\t\t\t\t\t<div class=\"elementor-spacer\">\n\t\t\t<div class=\"elementor-spacer-inner\"><\/div>\n\t\t<\/div>\n\t\t\t\t\t\t<\/div>\n\t\t\t\t<\/div>\n\t\t\t\t\t<\/div>\n\t\t\t\t<\/div>\n\t\t<div class=\"elementor-element elementor-element-49c33c8 e-flex e-con-boxed e-con e-parent\" data-id=\"49c33c8\" data-element_type=\"container\" data-settings=\"{&quot;_ha_eqh_enable&quot;:false}\">\n\t\t\t\t\t<div class=\"e-con-inner\">\n\t\t\t\t<div class=\"elementor-element elementor-element-d5a898e elementor-widget elementor-widget-spacer\" data-id=\"d5a898e\" data-element_type=\"widget\" data-widget_type=\"spacer.default\">\n\t\t\t\t<div class=\"elementor-widget-container\">\n\t\t\t\t\t\t\t<div class=\"elementor-spacer\">\n\t\t\t<div class=\"elementor-spacer-inner\"><\/div>\n\t\t<\/div>\n\t\t\t\t\t\t<\/div>\n\t\t\t\t<\/div>\n\t\t\t\t<div class=\"elementor-element elementor-element-33b9475 elementor-widget elementor-widget-text-editor\" data-id=\"33b9475\" data-element_type=\"widget\" data-widget_type=\"text-editor.default\">\n\t\t\t\t<div class=\"elementor-widget-container\">\n\t\t\t\t\t\t\t\t\t<p><span style=\"font-weight: 400;\">Il progetto Erasmus+ UpSenior mira a migliorare l&#8217;alfabetizzazione finanziaria degli anziani in tutta Europa. Nell&#8217;ambito del progetto sono stati sviluppati materiali formativi che coprono operazioni bancarie, pensioni, pianificazione del bilancio, pagamenti online e assicurazioni, testati in sessioni pilota in Bulgaria, Grecia e Italia. Il feedback raccolto da queste sessioni guider\u00e0 gli ultimi aggiustamenti, garantendo che il contenuto risponda alle esigenze degli anziani.<\/span><\/p><p><span style=\"font-weight: 400;\">Panoramica dei Piloting<\/span><\/p><p><span style=\"font-weight: 400;\">Le sessioni pilota avevano l&#8217;obiettivo di valutare l&#8217;impatto dei materiali formativi sugli anziani di et\u00e0 superiore ai 55 anni, raccogliendo feedback per ottimizzare i contenuti. La versione finale sar\u00e0 disponibile gratuitamente online in pi\u00f9 lingue e offline per il download, servendo come risorsa per le organizzazioni di educazione degli adulti.<\/span><\/p><p>\u00a0<\/p><p><span style=\"font-weight: 400;\">Test Pilota Specifici per Paese<\/span><\/p><p><b>Bulgaria<\/b><span style=\"font-weight: 400;\">: Condotto online con 20 anziani. Il formato ha aiutato i partecipanti a interagire con il materiale e ad adattarsi all&#8217;apprendimento virtuale. Il feedback ha indicato un alto livello di soddisfazione, in particolare per le attivit\u00e0 interattive.<\/span><\/p><p><b>Grecia<\/b><span style=\"font-weight: 400;\">: Tenuto con 20 anziani in sessioni faccia a faccia. Gli argomenti trattati includevano pensioni, pianificazione del bilancio e gestione finanziaria. I partecipanti hanno apprezzato le attivit\u00e0 pratiche, suggerendo di ampliare gli argomenti includendo la gestione del debito.<\/span><\/p><p><b>Italia<\/b><span style=\"font-weight: 400;\">: 20 partecipanti hanno sperimentato i moduli in sessioni di gruppo. La formazione \u00e8 stata ben accolta, con suggerimenti per contenuti pi\u00f9 dettagliati e argomenti aggiuntivi.<\/span><\/p><p><span style=\"font-weight: 400;\">Osservazioni Chiave e Prossimi Passi<\/span><\/p><p><span style=\"font-weight: 400;\">I partecipanti di tutti i test pilota hanno espresso un alto livello di soddisfazione per la chiarezza e la rilevanza dei materiali. Le attivit\u00e0 pratiche sono risultate particolarmente efficaci, mentre i suggerimenti per miglioramenti includevano l&#8217;estensione del tempo delle sessioni e la localizzazione dei contenuti. I <\/span><a href=\"https:\/\/upsenior.eu\/index.php\/it\/materiale-didattico\/\"><span style=\"font-weight: 400;\">materiali formativi finali<\/span><\/a><span style=\"font-weight: 400;\"> sono disponibili gratuitamente sul sito del progetto UpSenior, permettendo agli anziani in tutta Europa di acquisire competenze finanziarie essenziali e supportando l&#8217;apprendimento continuo.<\/span><\/p><p><span style=\"font-weight: 400;\">Visita il<\/span><a href=\"https:\/\/upsenior.eu\/index.php\/it\/home-it\/\"><span style=\"font-weight: 400;\"> sito ufficiale<\/span><\/a><span style=\"font-weight: 400;\"> del progetto per ulteriori informazioni e aggiornamenti.<\/span><\/p>\t\t\t\t\t\t\t\t<\/div>\n\t\t\t\t<\/div>\n\t\t\t\t\t<\/div>\n\t\t\t\t<\/div>\n\t\t<div class=\"elementor-element elementor-element-24d87cb e-flex e-con-boxed e-con e-parent\" data-id=\"24d87cb\" data-element_type=\"container\" data-settings=\"{&quot;_ha_eqh_enable&quot;:false}\">\n\t\t\t\t\t<div class=\"e-con-inner\">\n\t\t<div class=\"elementor-element elementor-element-1f4b8ee e-con-full e-flex e-con e-child\" data-id=\"1f4b8ee\" data-element_type=\"container\" data-settings=\"{&quot;_ha_eqh_enable&quot;:false}\">\n\t\t\t\t<div class=\"elementor-element elementor-element-eacef9a elementor-widget elementor-widget-spacer\" data-id=\"eacef9a\" data-element_type=\"widget\" data-widget_type=\"spacer.default\">\n\t\t\t\t<div class=\"elementor-widget-container\">\n\t\t\t\t\t\t\t<div class=\"elementor-spacer\">\n\t\t\t<div class=\"elementor-spacer-inner\"><\/div>\n\t\t<\/div>\n\t\t\t\t\t\t<\/div>\n\t\t\t\t<\/div>\n\t\t\t\t<div class=\"elementor-element elementor-element-aeb546b elementor-widget elementor-widget-image\" data-id=\"aeb546b\" data-element_type=\"widget\" data-widget_type=\"image.default\">\n\t\t\t\t<div class=\"elementor-widget-container\">\n\t\t\t\t\t\t\t\t\t\t\t\t\t\t\t<img decoding=\"async\" width=\"300\" height=\"63\" src=\"https:\/\/upsenior.eu\/wp-content\/uploads\/2023\/10\/EN_Co-funded_by_the_EU-transparent-300x63.png\" class=\"attachment-medium size-medium wp-image-181\" alt=\"\" srcset=\"https:\/\/upsenior.eu\/wp-content\/uploads\/2023\/10\/EN_Co-funded_by_the_EU-transparent-300x63.png 300w, https:\/\/upsenior.eu\/wp-content\/uploads\/2023\/10\/EN_Co-funded_by_the_EU-transparent-768x161.png 768w, https:\/\/upsenior.eu\/wp-content\/uploads\/2023\/10\/EN_Co-funded_by_the_EU-transparent-720x151.png 720w, https:\/\/upsenior.eu\/wp-content\/uploads\/2023\/10\/EN_Co-funded_by_the_EU-transparent.png 1024w\" sizes=\"(max-width: 300px) 100vw, 300px\" \/>\t\t\t\t\t\t\t\t\t\t\t\t\t\t\t<\/div>\n\t\t\t\t<\/div>\n\t\t\t\t<div class=\"elementor-element elementor-element-b065f59 elementor-widget elementor-widget-text-editor\" data-id=\"b065f59\" data-element_type=\"widget\" data-widget_type=\"text-editor.default\">\n\t\t\t\t<div class=\"elementor-widget-container\">\n\t\t\t\t\t\t\t\t\t<p>Finanziato dall&#8217;Unione europea. Le opinioni espresse appartengono, tuttavia, al solo o ai soli autori e non riflettono necessariamente le opinioni dell&#8217;Unione europea o dell\u2019Agenzia esecutiva europea per l\u2019istruzione e la cultura (EACEA). N\u00e9 l&#8217;Unione europea n\u00e9 l&#8217;EACEA possono esserne ritenute responsabili. 2022-2-EL01-KA210-ADU-<wbr \/>000093393<\/p>\t\t\t\t\t\t\t\t<\/div>\n\t\t\t\t<\/div>\n\t\t\t\t<\/div>\n\t\t<div class=\"elementor-element elementor-element-b7750af e-con-full e-flex e-con e-child\" data-id=\"b7750af\" data-element_type=\"container\" data-settings=\"{&quot;_ha_eqh_enable&quot;:false}\">\n\t\t\t\t<div class=\"elementor-element elementor-element-f1683a4 elementor-widget elementor-widget-spacer\" data-id=\"f1683a4\" data-element_type=\"widget\" data-widget_type=\"spacer.default\">\n\t\t\t\t<div class=\"elementor-widget-container\">\n\t\t\t\t\t\t\t<div class=\"elementor-spacer\">\n\t\t\t<div class=\"elementor-spacer-inner\"><\/div>\n\t\t<\/div>\n\t\t\t\t\t\t<\/div>\n\t\t\t\t<\/div>\n\t\t\t\t<div class=\"elementor-element elementor-element-9de547b elementor-widget elementor-widget-text-editor\" data-id=\"9de547b\" data-element_type=\"widget\" data-widget_type=\"text-editor.default\">\n\t\t\t\t<div class=\"elementor-widget-container\">\n\t\t\t\t\t\t\t\t\t<a style=\"color: #595959; text-align: right;\" href=\"https:\/\/upsenior.eu\/index.php\/terms-of-use\/\" target=\"_blank\" rel=\"noopener\">Terms of Use<\/a>\t\t\t\t\t\t\t\t<\/div>\n\t\t\t\t<\/div>\n\t\t\t\t<\/div>\n\t\t<div class=\"elementor-element elementor-element-3575e2b e-con-full e-flex e-con e-child\" data-id=\"3575e2b\" data-element_type=\"container\" data-settings=\"{&quot;_ha_eqh_enable&quot;:false}\">\n\t\t\t\t<div class=\"elementor-element elementor-element-8d7f604 elementor-widget elementor-widget-spacer\" data-id=\"8d7f604\" data-element_type=\"widget\" data-widget_type=\"spacer.default\">\n\t\t\t\t<div class=\"elementor-widget-container\">\n\t\t\t\t\t\t\t<div class=\"elementor-spacer\">\n\t\t\t<div class=\"elementor-spacer-inner\"><\/div>\n\t\t<\/div>\n\t\t\t\t\t\t<\/div>\n\t\t\t\t<\/div>\n\t\t\t\t<div class=\"elementor-element elementor-element-02973d7 elementor-widget elementor-widget-image\" data-id=\"02973d7\" data-element_type=\"widget\" data-widget_type=\"image.default\">\n\t\t\t\t<div class=\"elementor-widget-container\">\n\t\t\t\t\t\t\t\t\t\t\t\t\t\t\t\t<a href=\"https:\/\/upsenior.eu\/\">\n\t\t\t\t\t\t\t<img decoding=\"async\" width=\"150\" height=\"150\" src=\"https:\/\/upsenior.eu\/wp-content\/uploads\/2023\/10\/UPSENIOR-PRIMARY-LOGO-150x150.png\" class=\"attachment-thumbnail size-thumbnail wp-image-182\" alt=\"\" srcset=\"https:\/\/upsenior.eu\/wp-content\/uploads\/2023\/10\/UPSENIOR-PRIMARY-LOGO-150x150.png 150w, https:\/\/upsenior.eu\/wp-content\/uploads\/2023\/10\/UPSENIOR-PRIMARY-LOGO-300x300.png 300w, https:\/\/upsenior.eu\/wp-content\/uploads\/2023\/10\/UPSENIOR-PRIMARY-LOGO-360x360.png 360w, https:\/\/upsenior.eu\/wp-content\/uploads\/2023\/10\/UPSENIOR-PRIMARY-LOGO.png 500w\" sizes=\"(max-width: 150px) 100vw, 150px\" \/>\t\t\t\t\t\t\t\t<\/a>\n\t\t\t\t\t\t\t\t\t\t\t\t\t\t\t<\/div>\n\t\t\t\t<\/div>\n\t\t\t\t<div class=\"elementor-element elementor-element-24fb7d5 elementor-shape-circle elementor-grid-0 e-grid-align-center elementor-widget elementor-widget-social-icons\" data-id=\"24fb7d5\" data-element_type=\"widget\" data-widget_type=\"social-icons.default\">\n\t\t\t\t<div class=\"elementor-widget-container\">\n\t\t\t\t\t\t\t<div class=\"elementor-social-icons-wrapper elementor-grid\">\n\t\t\t\t\t\t\t<span class=\"elementor-grid-item\">\n\t\t\t\t\t<a class=\"elementor-icon elementor-social-icon elementor-social-icon-facebook elementor-animation-pulse elementor-repeater-item-470d666\" href=\"https:\/\/www.facebook.com\/upseniorproject\/\" target=\"_blank\">\n\t\t\t\t\t\t<span class=\"elementor-screen-only\">Facebook<\/span>\n\t\t\t\t\t\t<i class=\"fab fa-facebook\"><\/i>\t\t\t\t\t<\/a>\n\t\t\t\t<\/span>\n\t\t\t\t\t\t\t<span class=\"elementor-grid-item\">\n\t\t\t\t\t<a class=\"elementor-icon elementor-social-icon elementor-social-icon-instagram elementor-animation-pulse elementor-repeater-item-c420d48\" href=\"https:\/\/www.instagram.com\/upseniorproject\/\" target=\"_blank\">\n\t\t\t\t\t\t<span class=\"elementor-screen-only\">Instagram<\/span>\n\t\t\t\t\t\t<i class=\"fab fa-instagram\"><\/i>\t\t\t\t\t<\/a>\n\t\t\t\t<\/span>\n\t\t\t\t\t<\/div>\n\t\t\t\t\t\t<\/div>\n\t\t\t\t<\/div>\n\t\t\t\t<\/div>\n\t\t\t\t\t<\/div>\n\t\t\t\t<\/div>\n\t\t<div class=\"elementor-element elementor-element-2d6c65a e-flex e-con-boxed e-con e-parent\" data-id=\"2d6c65a\" data-element_type=\"container\" data-settings=\"{&quot;background_background&quot;:&quot;classic&quot;,&quot;_ha_eqh_enable&quot;:false}\">\n\t\t\t\t\t<div class=\"e-con-inner\">\n\t\t\t\t<div class=\"elementor-element elementor-element-2bdb614 elementor-widget-divider--view-line elementor-widget elementor-widget-divider\" data-id=\"2bdb614\" data-element_type=\"widget\" data-widget_type=\"divider.default\">\n\t\t\t\t<div class=\"elementor-widget-container\">\n\t\t\t\t\t\t\t<div class=\"elementor-divider\">\n\t\t\t<span class=\"elementor-divider-separator\">\n\t\t\t\t\t\t<\/span>\n\t\t<\/div>\n\t\t\t\t\t\t<\/div>\n\t\t\t\t<\/div>\n\t\t\t\t\t<\/div>\n\t\t\t\t<\/div>\n\t\t<div class=\"elementor-element elementor-element-9157ffb e-flex e-con-boxed e-con e-parent\" data-id=\"9157ffb\" data-element_type=\"container\" data-settings=\"{&quot;background_background&quot;:&quot;classic&quot;,&quot;_ha_eqh_enable&quot;:false}\">\n\t\t\t\t\t<div class=\"e-con-inner\">\n\t\t<div class=\"elementor-element elementor-element-b8d3ce9 e-con-full e-flex e-con e-child\" data-id=\"b8d3ce9\" data-element_type=\"container\" data-settings=\"{&quot;_ha_eqh_enable&quot;:false}\">\n\t\t\t\t<div class=\"elementor-element elementor-element-4ab0898 elementor-widget elementor-widget-text-editor\" data-id=\"4ab0898\" data-element_type=\"widget\" data-widget_type=\"text-editor.default\">\n\t\t\t\t<div class=\"elementor-widget-container\">\n\t\t\t\t\t\t\t\t\t<p>Copyright \u00a9 2023 UpSenior. All Rights Reserved<\/p>\t\t\t\t\t\t\t\t<\/div>\n\t\t\t\t<\/div>\n\t\t\t\t<\/div>\n\t\t<div class=\"elementor-element elementor-element-c5790d6 e-con-full e-flex e-con e-child\" data-id=\"c5790d6\" data-element_type=\"container\" data-settings=\"{&quot;_ha_eqh_enable&quot;:false}\">\n\t\t\t\t<\/div>\n\t\t<div class=\"elementor-element elementor-element-aa45724 e-con-full e-flex e-con e-child\" data-id=\"aa45724\" data-element_type=\"container\" data-settings=\"{&quot;_ha_eqh_enable&quot;:false}\">\n\t\t\t\t<div class=\"elementor-element elementor-element-1540d6f elementor-widget elementor-widget-text-editor\" data-id=\"1540d6f\" data-element_type=\"widget\" data-widget_type=\"text-editor.default\">\n\t\t\t\t<div class=\"elementor-widget-container\">\n\t\t\t\t\t\t\t\t\t<span style=\"color: white; text-align: left;\">Powered by\u00a0<\/span><a style=\"color: white; text-align: right;\" href=\"https:\/\/thehivegroup.eu\/\" target=\"_blank\" rel=\"noopener\">The Hive Group<\/a>\t\t\t\t\t\t\t\t<\/div>\n\t\t\t\t<\/div>\n\t\t\t\t<\/div>\n\t\t\t\t\t<\/div>\n\t\t\t\t<\/div>\n\t\t\t\t<\/div>\n\t\t","protected":false},"excerpt":{"rendered":"<p>Piloting dei Materiali Formativi UpSenior: Migliorare l&#8217;Alfabetizzazione Finanziaria degli Anziani in Europa Il progetto Erasmus+ UpSenior mira a migliorare l&#8217;alfabetizzazione [&hellip;]<\/p>\n","protected":false},"author":1,"featured_media":0,"parent":0,"menu_order":0,"comment_status":"closed","ping_status":"closed","template":"page-templates\/template_page-builder.php","meta":{"_monsterinsights_skip_tracking":false,"_monsterinsights_sitenote_active":false,"_monsterinsights_sitenote_note":"","_monsterinsights_sitenote_category":0,"_uf_show_specific_survey":0,"_uf_disable_surveys":false,"footnotes":""},"class_list":["post-1488","page","type-page","status-publish","hentry"],"aioseo_notices":[],"_links":{"self":[{"href":"https:\/\/upsenior.eu\/index.php?rest_route=\/wp\/v2\/pages\/1488","targetHints":{"allow":["GET"]}}],"collection":[{"href":"https:\/\/upsenior.eu\/index.php?rest_route=\/wp\/v2\/pages"}],"about":[{"href":"https:\/\/upsenior.eu\/index.php?rest_route=\/wp\/v2\/types\/page"}],"author":[{"embeddable":true,"href":"https:\/\/upsenior.eu\/index.php?rest_route=\/wp\/v2\/users\/1"}],"replies":[{"embeddable":true,"href":"https:\/\/upsenior.eu\/index.php?rest_route=%2Fwp%2Fv2%2Fcomments&post=1488"}],"version-history":[{"count":4,"href":"https:\/\/upsenior.eu\/index.php?rest_route=\/wp\/v2\/pages\/1488\/revisions"}],"predecessor-version":[{"id":1492,"href":"https:\/\/upsenior.eu\/index.php?rest_route=\/wp\/v2\/pages\/1488\/revisions\/1492"}],"wp:attachment":[{"href":"https:\/\/upsenior.eu\/index.php?rest_route=%2Fwp%2Fv2%2Fmedia&parent=1488"}],"curies":[{"name":"wp","href":"https:\/\/api.w.org\/{rel}","templated":true}]}}